he prime factors of ((-7680)/90 + 22)*4332/(-10)?
2, 19
Suppose 73*t - 44*t - 234610 = 0. Suppose -317*u = -312*u - t. List the prime factors of u.
2, 809
Let x(z) = -2*z**2 - 18*z - 12. Let b be x(-8). Suppose w - 10*t + 7*t - 452 = 0, -3*t + 1748 = b*w. List the prime factors of w.
2, 5, 11
Let v(f) = -137*f**3 + 26*f**2 + 171*f - 32. List the prime factors of v(-8).
2, 13, 677
Suppose 3*j + 16554 = 3*x, 17*x - j = 19*x - 11048. List the prime factors of x.
2, 11, 251
Let u = 12888 + -5644. What are the prime factors of u?
2, 1811
Let h(n) = 243*n - 5. Let o be h(3). Let a = o + -235. List the prime factors of a.
3, 163
Let a(j) = j**3 + 15*j**2 + 16*j - 31. Let m be a(-14). Let x = -102 - -185. Let q = m + x. List the prime factors of q.
2, 3
Let q = 747 + 255. Suppose -10*k + 1888 = -q. List the prime factors of k.
17
Suppose -3*k + 54*c = 53*c - 24545, 7*c = 2*k - 16395. What are the prime factors of k?
2, 5, 409
Let w = 68913 - -16013. List the prime factors of w.
2, 42463
Let m(s) = 302*s**2 + 116*s - 63. What are the prime factors of m(8)?
3, 53, 127
Suppose -k = 246 + 49. Let i = -548 - k. Let r = 377 + i. What are the prime factors of r?
2, 31
Let t = 29171 - -24199. What are the prime factors of t?
2, 3, 5, 593
Let o = 560 + -143. Let b = 396 + o. List the prime factors of b.
3, 271
Suppose 115 = 29*n - 24*n. Suppose 4*y - 4*s - n + 3 = 0, 4*s = -2*y + 4. Suppose -22 = -y*w + 10. What are the prime factors of w?
2
Let i(t) = -5*t - 23. Let p be i(-4). Let y be -59 - (1 - 0)/(-1). What are the prime factors of (p - -6)*(y/(-2) + 2)?
3, 31
Suppose 0 = d + r - 4918, r = -4*d + 21565 - 1884. Suppose 0 = 4*a - s - d, -12*s + 14*s = 6. What are the prime factors of a?
1231
Let s = 6 + -128. Let v = s + -345. List the prime factors of (-1)/2 + v/(-2) + -2.
3, 7, 11
Let k = 140 + 1528. Let u = k - 711. What are the prime factors of u?
3, 11, 29
List the prime factors of (1 + 22739)/((15/(-120))/(4/(-32))).
2, 3, 5, 379
Let r(f) = 3*f**3 + 36*f**2 + 2*f + 21. Let h be r(-12). Suppose -3*g - 15 = 15. List the prime factors of h + (g/35 - 835/(-7)).
2, 29
Let z be (17/(-4))/(-3*3/216). Let b = 192 + z. What are the prime factors of b?
2, 3, 7
Let j = 1067 + -151. Suppose 2*r + 16 = j. Let m = r - 259. What are the prime factors of m?
191
Let l(k) be the first derivative of k**4/4 - k**3/3 + 10*k**2 + 8*k + 52. List the prime factors of l(9).
2, 11, 19
List the prime factors of (-1 + -104)*(198/(-135))/11*318.
2, 3, 7, 53
Suppose 4*o + r - 9 = 2*o, 0 = 2*r + 2. Suppose -2*m = -13 + o. Suppose -p + m*l + 32 = 0, -l + 3*l - 160 = -5*p. What are the prime factors of p?
2
Let o = 25606 - 13515. What are the prime factors of o?
107, 113
Suppose -7*r + r = -102383 - 3037. What are the prime factors of r?
2, 5, 7, 251
Let a(w) = -w**3 - 19*w**2 + 159*w + 3787. What are the prime factors of a(-25)?
2, 13, 137
Let v = 13236 + -6889. What are the prime factors of v?
11, 577
Let r = 93 - 97. Let t be (-2)/36*-9 + 318/r. Let s = 251 + t. List the prime factors of s.
2, 43
Let q be 6105/60 + ((-5)/(-4))/5. Suppose 0 = -8*f - 9*f - q. List the prime factors of 57 + -9*2/f.
2, 3, 5
Suppose -2*w + 5*p = 4, -5 = -w + p - 4. Suppose 2*o = -w*m + 1350, -3*o - 853 + 2895 = -4*m. List the prime factors of 4/(-1) - o/(-7 + 1).
109
Let r(h) = 6*h**3 + 8. Let q be ((-3)/2)/((-170)/(-20) + -9). What are the prime factors of r(q)?
2, 5, 17
Let a be (0/(-3))/3*10/(-20). Suppose a = 30*q - 24*q - 690. What are the prime factors of q?
5, 23
Let u(r) = 6*r**2 + 7. Let q(s) = 5*s**2 + 8 - 14 + 13. Let b(h) = -4*q(h) + 5*u(h). What are the prime factors of b(3)?
97
Let o = 99 - 96. Suppose 4*g - 550 = -n + 3*g, 3 = -o*g. List the prime factors of n.
19, 29
Suppose -6*v + 22060 = 4564. Let l = -1749 + v. What are the prime factors of l?
3, 389
Let d(q) = -17*q**2 + 12*q + 16. Let l be d(-3). Suppose 5*b = -9 - 71. Let h = b - l. List the prime factors of h.
157
Let g(t) = 125*t - 15. Let r be g(6). Suppose 736*u - r*u = 132. What are the prime factors of u?
2, 3, 11
Let k be -1 - (-9 + -20295 + -1 + 3). Suppose -22*h + k - 4879 = 0. What are the prime factors of h?
701
Suppose 4*z - 359 = -3*q + 102, 2*z + q - 233 = 0. Suppose 2*t = -0*t. Suppose -117*p + z*p - 424 = t. What are the prime factors of p?
2, 53
Let z(h) = 65*h - 328. Let g be z(36). Let r = g - 1400. List the prime factors of r.
2, 3, 17
Let g be (0 - 1)/(605/120 - 5). Let c = -372 - g. Let n = c - -524. What are the prime factors of n?
2, 11
Let n(j) = -73*j + 6*j - 116 + 224 - 118. Let y(k) = -2*k - 1. Let b be y(1). What are the prime factors of n(b)?
191
Let v be (-1)/(2/(-24)*4/3). Suppose 12*t - 1050 = v*t. List the prime factors of t.
2, 5, 7
Let b(m) = m**3 + m. Let d(l) = l**3 + 20*l**2 + 28*l - 46. Let h(w) = -2*b(w) + d(w). Let p be h(21). Suppose 71 = t + p. List the prime factors of t.
2, 3
Let l(p) = p**2 + 3*p - 40. Let b be l(5). Suppose -11*j + 2429 + 442 = b. List the prime factors of j.
3, 29
Suppose 5*z - 8 = 2*z + 2*c, -z = c + 4. Suppose -7*d - 7 + 84 = z. List the prime factors of d.
11
Let h = -103 + 105. Suppose 0 = -5*u + 7*f - h*f - 150, 3*u + f = -90. List the prime factors of 2836/28 + (u/21)/5.
101
What are the prime factors of (-2)/(-15) - (-8865342)/810?
5, 11, 199
Let l(a) = -13446*a - 3212. List the prime factors of l(-2).
2, 5, 37
Let s(c) = c**2 + 6*c + 5. Let a(g) = 2*g - 8. Let i be a(2). Let o be s(i). List the prime factors of ((-2)/(-4))/(o/(-30)).
5
Let p(y) = 2564*y**2 + 309*y + 1259. What are the prime factors of p(-4)?
41047
Suppose 7500 = -64*q + 79*q. Suppose 20 = j + 4*l - 479, -q = -j - 3*l. What are the prime factors of j?
503
Let x = 414 + -14300. What are the prime factors of (-40)/(-32) - x/8?
3, 193
Let v(x) = 13*x - 11. Let b be v(-5). Let c = -123 - b. List the prime factors of (1 - -5)/3 - c.
7
Suppose x - 1142 + 170 = 0. Suppose v - x = -3*v. List the prime factors of v.
3
Let r(j) = -7*j + 4*j + j - 24. Let d be r(-12). Suppose -5*h + 710 + 100 = -3*w, -3*h - 3*w + 462 = d. List the prime factors of h.
3, 53
Let h be (-24)/((-54)/12 + 6). What are the prime factors of (h - -34)*164/6?
2, 3, 41
Suppose 0 = -5*f - 5*n + 96095, f - 8700 = 2*n + 10537. List the prime factors of f.
5, 769
Let z be 1/(((-18)/12)/(-3)) - 23. List the prime factors of (-2 + (-1)/(-3))*(z - 576).
5, 199
Suppose 4*n + 67 = 51. Let z = n + 43. What are the prime factors of z?
3, 13
Let i(r) = 66*r + 55. Let k be i(9). Suppose x = k - 136. What are the prime factors of x?
3, 19
Let d be ((-114)/(-12) - 7)*6/5. Suppose -d*t + 268 = y, 4*t + 55 = y + 417. Suppose t*w - 88*w - 48 = 0. What are the prime factors of w?
2, 3
Suppose -3*d - 9 = -30, 6*t + 3*d - 530967 = 0. List the prime factors of t.
3, 13, 2269
Let s(b) = 8*b**2 - 8*b + 4. Let j be s(10). Suppose -h + 5*h = j. What are the prime factors of h?
181
Let i(s) = 3*s**2 - 43*s + 2406. What are the prime factors of i(55)?
2, 43, 53
Suppose 4*v - p = 11, -3*v + 0*v - 5*p = 9. Suppose v*j - 3*j + 358 = 0. List the prime factors of j.
2, 179
Let i(b) be the third derivative of b**5/15 + b**4/3 + 4*b**3/3 + b**2. Suppose 3*u + 20 = -w + 27, 0 = 5*u - 20. List the prime factors of i(w).
2, 17
Suppose -5*x - 5*i - 31 + 1 = 0, -2*x = 3*i + 12. Let s(w) = -w**3 - w**2 - 10*w - 18. What are the prime factors of s(x)?
2, 3, 37
List the prime factors of (-364)/42*(-1601 + 2 + -3).
2, 3, 13, 89
Let a = -4743 - -14828. List the prime factors of a.
5, 2017
Let q(v) = -3*v**3 + 18*v**2 + 2*v**3 - 12 - 34*v + 5*v. Let s = -3445 - -3461. List the prime factors of q(s).
2, 3
Let t(v) = v**3 + 9*v**2 + 7*v - 6. Let w be t(-8). List the prime factors of 11/w*(25 - 12/4).
11
Suppose -3*d + 181352 = -427*t + 426*t, d - 2*t = 60439. List the prime factors of d.
3, 2239
Suppose -4*p + 54 = -13*p. Let w(k) be the third derivative of k**5/10 + 3*k**4/8 + 7*k**3/6 - 13*k**2. What are the prime factors of w(p)?
13
Suppose 11560246 - 474857 = 139*p. What are the prime factors of p?
7, 11393
Let i be ((-5)/(5/(-2)))/(14/85113). Suppose -26*m + 12567 = -i. List the prime factors of m.
3, 317
Let q(g) = 2*g**3 - 114*g**2 - 311*g + 12. What are the prime factors of q(61)?
3, 1201
Let w(r) = 5*r**2 - 6*r - 11. Suppose 0 = -8*x + 6*x + 62. Suppose 3*u - x = 